test common factor of 115 and 46.
23
Calculate the highest common factor of 170 and 80.
10
What is the greatest common factor of 17653 and 381?
127
Calculate the greatest common divisor of 1736 and 32.
8
Calculate the greatest common factor of 8 and 216.
8
What is the highest common factor of 60 and 45?
15
What is the greatest common divisor of 16 and 72?
8
What is the highest common divisor of 480 and 2700?
60
Calculate the greatest common divisor of 3652 and 22.
22
Calculate the greatest common factor of 6 and 40.
2
Calculate the greatest common factor of 20 and 15.
5
Calculate the greatest common divisor of 10 and 10510.
10
Calculate the greatest common factor of 9 and 18108.
9
Calculate the greatest common factor of 6908 and 22.
22
What is the greatest common factor of 1904 and 168?
56
Calculate the highest common divisor of 340 and 136.
68
Calculate the highest common factor of 3794 and 70.
14
Calculate the greatest common factor of 36 and 5.
1
Calculate the greatest common factor of 1218 and 14.
14
What is the greatest common factor of 17 and 13566?
17
What is the greatest common divisor of 310 and 186?
62
What is the highest common divisor of 69 and 46?
23
Calculate the greatest common divisor of 11324 and 745.
149
Calculate the greatest common factor of 40610 and 5.
5
What is the greatest common divisor of 24 and 1344?
24
What is the highest common factor of 248 and 40?
8
What is the highest common divisor of 220 and 352?
44
Calculate the greatest common divisor of 33 and 2211.
33
What is the highest common factor of 12 and 152?
4
What is the highest common divisor of 58 and 464?
58
Calculate the greatest common factor of 22 and 1969.
11
Calculate the highest common factor of 475 and 19.
19
Calculate the highest common divisor of 264 and 1776.
24
Calculate the highest common factor of 1920 and 30.
30
What is the highest common divisor of 16 and 34?
2
What is the greatest common divisor of 24102 and 206?
206
Calculate the greatest common factor of 2001 and 69.
69
Calculate the highest common factor of 27 and 474.
3
What is the highest common divisor of 19 and 9595?
19
Calculate the highest common divisor of 10 and 398.
2
Calculate the highest common factor of 18 and 98.
2
What is the highest common divisor of 15 and 20?
5
Calculate the greatest common divisor of 14 and 3402.
14
What is the highest common divisor of 561 and 153?
51
What is the highest common factor of 23 and 3427?
23
What is the highest common factor of 53 and 2?
1
Calculate the greatest common factor of 53 and 212.
53
What is the highest common divisor of 2 and 240?
2
Calculate the greatest common divisor of 1624 and 56.
56
Calculate the greatest common divisor of 38 and 416.
2
Calculate the greatest common divisor of 23 and 26105.
23
Calculate the highest common divisor of 82 and 451.
41
What is the greatest common factor of 1410 and 120?
30
What is the highest common divisor of 750 and 100?
50
Calculate the greatest common factor of 105 and 21.
21
Calculate the greatest common divisor of 1066 and 338.
26
Calculate the highest common divisor of 496 and 155.
31
What is the highest common factor of 220 and 20?
20
What is the highest common factor of 20 and 2180?
20
Calculate the greatest common factor of 6 and 162.
6
Calculate the greatest common divisor of 12 and 5196.
12
What is the greatest common factor of 3858 and 6?
6
What is the greatest common factor of 83 and 2?
1
What is the greatest common divisor of 952 and 56?
56
Calculate the greatest common factor of 550 and 25.
25
Calculate the greatest common divisor of 34 and 527.
17
What is the greatest common divisor of 75 and 465?
15
What is the highest common divisor of 667 and 29?
29
Calculate the highest common factor of 456 and 24.
24
Calculate the greatest common factor of 3808 and 140.
28
What is the highest common factor of 697 and 68?
17
Calculate the greatest common divisor of 1680 and 147.
21
Calculate the greatest common factor of 4075 and 50.
25
What is the highest common divisor of 102 and 238?
34
Calculate the greatest common factor of 114 and 8322.
114
Calculate the greatest common divisor of 420 and 3696.
84
Calculate the greatest common divisor of 3087 and 315.
63
Calculate the highest common factor of 924 and 8.
4
Calculate the highest common divisor of 40 and 460.
20
What is the highest common divisor of 134 and 1273?
67
Calculate the highest common factor of 279 and 18.
9
What is the greatest common divisor of 5558 and 14?
14
What is the highest common divisor of 27285 and 15?
15
What is the highest common divisor of 1 and 7?
1
Calculate the highest common factor of 82 and 6.
2
What is the highest common factor of 69 and 621?
69
Calculate the highest common divisor of 170 and 275.
5
Calculate the highest common factor of 1678 and 6.
2
Calculate the greatest common divisor of 42 and 105.
21
What is the highest common factor of 624 and 144?
48
What is the greatest common factor of 339 and 123?
3
What is the highest common divisor of 1029 and 21?
21
What is the highest common factor of 943 and 46?
23
Calculate the greatest common divisor of 203 and 84.
7
What is the highest common factor of 2209 and 47?
47
Calculate the greatest common factor of 108 and 2322.
54
What is the greatest common divisor of 512 and 208?
16
What is the highest common factor of 330 and 1620?
30
What is the highest common divisor of 11 and 1?
1
What is the greatest common factor of 297 and 108?
27
Calculate the highest common divisor of 48 and 560.
16
Calculate the greatest common factor of 2 and 13.
1
What is the highest common factor of 927 and 10918?
103
Calculate the highest common divisor of 65 and 260.
65
What is the greatest common factor of 8 and 200?
8
Calculate the highest common divisor of 158 and 237.
79
Calculate the greatest common factor of 325 and 13.
13
What is the greatest common divisor of 32 and 76?
4
Calculate the greatest common factor of 105 and 651.
21
What is the highest common divisor of 5 and 3545?
5
What is the greatest common factor of 88 and 8?
8
What is the greatest common divisor of 7979 and 101?
101
Calculate the highest common factor of 686 and 784.
98
What is the highest common factor of 56 and 696?
8
Calculate the greatest common divisor of 16 and 164.
4
Calculate the greatest common divisor of 99 and 22.
11
What is the highest common divisor of 72 and 54?
18
Calculate the greatest common factor of 22 and 671.
11
Calculate the greatest common factor of 638 and 3625.
29
What is the highest common factor of 1242 and 4416?
138
Calculate the greatest common factor of 24 and 24.
24
What is the highest common factor of 20 and 50?
10
Calculate the greatest common divisor of 36 and 88.
4
What is the greatest common factor of 60 and 26180?
20
Calculate the greatest common factor of 50615 and 265.
265
Calculate the greatest common divisor of 9 and 531.
9
Calculate the highest common divisor of 212 and 4.
4
Calculate the highest common divisor of 35 and 7.
7
What is the highest common factor of 168 and 588?
84
What is the greatest common divisor of 263 and 23?
1
What is the highest common factor of 9 and 423?
9
Calculate the greatest common factor of 875 and 1625.
125
What is the highest common factor of 250 and 40?
10
Calculate the greatest common divisor of 64 and 7472.
16
What is the greatest common factor of 26 and 1339?
13
What is the highest common factor of 6713 and 49?
49
Calculate the greatest common factor of 68 and 8.
4
What is the greatest common factor of 615 and 328?
41
Calculate the highest common factor of 492 and 336.
12
Calculate the greatest common factor of 80 and 4720.
80
Calculate the highest common divisor of 189 and 36.
9
What is the highest common divisor of 24 and 1041?
3
What is the greatest common divisor of 10 and 64?
2
Calculate the greatest common factor of 16 and 1688.
8
What is the highest common divisor of 18 and 470?
2
What is the greatest common factor of 29 and 1363?
29
Calculate the highest common divisor of 35 and 119.
7
Calculate the highest common divisor of 528 and 660.
132
What is the greatest common factor of 68 and 85?
17
Calculate the greatest common divisor of 35 and 56.
7
What is the highest common factor of 1752 and 48?
24
What is the greatest commo